151*n - 6348602. Is n composite?
False
Let o(j) = -291*j - 9. Let r be o(7). Let n = 3934 + r. Is (5 + n)*((-4)/(-3) + -1) composite?
False
Let l = 19 + 4311. Let b be l/((-3)/3) + -2. Let c = b - -6385. Is c composite?
False
Let d(w) = 567*w**2 + 137*w + 2383. Is d(-19) prime?
False
Suppose -28*n = -1291624 + 127412. Is n a composite number?
False
Suppose 0 = x - w - 5, -5*w = -2*w. Let j be (1 + 4)*(4 - x). Is 48/60 + j/((-75)/13293) composite?
False
Suppose -238 + 63 = -35*n. Let x = 12808 + -8025. Suppose n*j - x = -228. Is j prime?
True
Suppose 6*j = -30 - 132. Let a = 146 + j. Is a composite?
True
Let j(y) = -y**2 - 6*y - 4. Let p be j(-5). Let n be p/(1/(-6 - 3)). Is 3/n*-15*239 - 2 a prime number?
True
Is ((-29)/((-580)/(-8)))/(12/10)*-321279 prime?
False
Suppose 0*a + 3 = k - 4*a, -4*k - 48 = -4*a. Let t = -13 - k. Suppose t*c - v = 650, 2*c - c - v = 161. Is c prime?
True
Suppose -3*v - 248 = 2*w, -174 = 2*v - 68*w + 65*w. Let q be 2/(-6) - (-1268)/6. Let l = v + q. Is l a composite number?
False
Let f(i) = 2*i**3 - 53*i**2 - 67*i + 2309. Is f(44) a prime number?
True
Suppose 5*n + 4*c = 1171939, 2 = -c + 8. Is n a prime number?
True
Let m(n) = 2705*n**2 + 113*n + 215. Is m(14) a composite number?
False
Suppose -r + 3*s + 4485 = -933, -5*r + 3*s + 27054 = 0. Let g = r - 3356. Is g a composite number?
False
Let u = -104 - -104. Suppose 5*y = r - 0*r + 31, y - 1 = u. Is (-5817)/(-39) - (1 - (-22)/r) a prime number?
True
Suppose 4*p - 2*p - 570964 = 109638. Is p composite?
True
Suppose 15698 - 3073 = -25*a. Let w = -342 - a. Is w prime?
True
Suppose -101*c - 2*t + 31454 = -99*c, c = 4*t + 15762. Is c composite?
True
Let g be (3 - 19/(-2))*(-4)/(-10). Suppose 51115 = 2*a - g*s, -s - s + 51136 = 2*a. Is a a composite number?
True
Let p = -13052 - -22825. Is p a prime number?
False
Let n(r) = 2305*r + 1. Let o be n(10). Suppose -4*v - o = -3*m, 7*m - 11*m = -v - 30726. Is m prime?
True
Is (1173624/(-9) - -4 - -2)/(4/(-6)) a composite number?
True
Let o be ((-1)/3)/(2 - (-150)/(-72)). Suppose -2*v = -o*r + 21882, r = -2*r + 5*v + 16408. Is r composite?
False
Let u = 984771 + -556214. Is u a prime number?
True
Suppose -7*k - 4 + 11 = 0. Let q(c) = 1516*c + 4. Let v be q(k). Suppose -4*i + v = m, 4*m - m + 1125 = 3*i. Is i prime?
True
Suppose 3*r = -8*r - 49566. Let i = -2093 - r. Is i a composite number?
True
Let x be (-3 - 11)*2/(-4). Let h(q) = -q**2 + 12*q - 29. Let s be h(x). Suppose 0 = -b + 3*k + 106, 2*k = -0*k - s. Is b a composite number?
False
Let u = 99 - 99. Suppose 5*b - x - 61435 = 4*x, -5*b - 2*x + 61435 = u. Is b a prime number?
False
Suppose -58 + 8 = 25*h. Is h/(-7) - (-16)/(1232/1436875) composite?
False
Let u(r) = 2*r**2 + 5*r + 367. Let n(c) = -5*c**2 - 14*c - 1100. Let w(x) = -3*n(x) - 8*u(x). Let s be w(0). Suppose 0 = -7*t + s + 42. Is t a composite number?
True
Let q be 0/1*1 - (-5 + 0). Suppose -q*c - 201 - 224 = 0. Let m = c + 152. Is m prime?
True
Let c(a) = -22*a - 2252. Let v be c(0). Let x = v + 8443. Is x composite?
True
Let k(u) = 2*u**2 + 18*u - 7. Let c be k(-9). Let j(n) = -452*n + 107. Is j(c) prime?
True
Suppose 210523608 + 21726927 = 165*l. Is l a prime number?
False
Let i = 93 - 90. Suppose 4*t + t = 2*k - 858, -i*t = 5*k - 2207. Is k a composite number?
False
Let i be ((-10 - -14) + -6)*3/2. Is 1/(i + (-20472)/(-6822)) prime?
False
Let b be (-3)/((-3)/3941) + 10 + -7. Suppose -9 = -3*s + 9. Suppose -u = u - s, -4*x + b = 4*u. Is x a composite number?
False
Suppose 169*w + 138460 = 155*w. Let a = 19237 + w. Is a a prime number?
False
Let u be 0 + (-2)/11 - (-2)/11. Suppose u = d - 238 - 16. Let o = d - 112. Is o prime?
False
Let t(u) = -32064*u**3 + 6*u**2 + 9*u + 17. Is t(-2) a prime number?
False
Let b be -13*(-2)/(-5)*-35. Suppose 0 = -2169*l + 2190*l + 231. Is (-11)/(l/b) + -3 prime?
True
Suppose 4*x - v - 658237 = 4*v, -4*v + 493670 = 3*x. Let z be 4/32 + x/16. Let p = -4616 + z. Is p a prime number?
True
Let m = 2429134 - 1043487. Is m a prime number?
True
Suppose f = 20 - 12. Let l = f + 18. Suppose -3*s + 91 = 4*d, l = d + 2*s + 2*s. Is d a composite number?
True
Let o(f) = f**3 + 17*f**2 + 28*f + 13. Let j be o(-14). Suppose -215*s + 14754 = -j*s. Is s prime?
True
Suppose -6*n + 426265 = -706613. Is n a prime number?
False
Let u = -3672 - -5267. Suppose -3*t - 2349 = -2*o, 0 = -o - t + u - 433. Is o a prime number?
False
Let a = 379850 + -98629. Is a prime?
False
Suppose -511*u = -518*u + 119987. Suppose 4*v = 3*w + u, -4*w - 13036 = -5*v + 8391. Is v prime?
True
Let f(m) = m**3 + 15*m**2 + m + 9. Let w be 3/((-12)/(-32))*(-2 - -4). Suppose -t + 3*s = w, -6 = -5*s + 4. Is f(t) a composite number?
False
Let g = 150800 + -69582. Is g composite?
True
Let n = 58 + -29. Suppose g - 39 = -p + n, 2*p - 3*g = 116. Is -6 + (-2 - -7) - p/(-2) a prime number?
True
Let j(m) = 394*m**2 + 4*m - 4. Let b = -93 + 96. Is j(b) composite?
True
Let s(a) = 17*a**3 + 34*a**2 + 30*a + 285. Is s(32) prime?
False
Let p = 156 + -90. Let y = -767 - -756. Let s = p - y. Is s a prime number?
False
Suppose 0 = -2*x - 4*a + 6344926, 5*x - 677*a - 15862315 = -674*a. Is x prime?
False
Let y(s) = 21*s**2 - 31*s + 19. Let q = -39 + 56. Is y(q) a composite number?
True
Let f(a) = -4*a**2 + 2*a**2 + a**2 + 4*a**2. Let n be f(-1). Is 214 + (n - (3 + 3)) a composite number?
False
Let q(o) = 197*o**3 + 5*o**2 - 5*o + 1. Let u be q(4). Let i = u + -7408. Is i composite?
False
Let z be (-677*4)/(10 + (0 - 11)). Let h = -1857 + z. Is h a prime number?
False
Let o be -1474*(-24 + -4)/(-4)*-1. Suppose -2*i + o = -4*k + 8*k, 0 = -5*i - 4*k + 25819. Is i a prime number?
True
Suppose 4*w - 54544 = 7*k - 3*k, -w + 13618 = 5*k. Is w prime?
True
Let g be (-6)/5*(-50)/(-15). Suppose 0 = -2*o - 2*d - 2*d - 194, 3*d = -4*o - 373. Is o/g - (-5)/20 prime?
True
Let a be 5/(125/2690) + 2/5. Suppose -7*y + y + a = 0. Is 95 - (y/22 + 8/44) prime?
False
Let z(y) = -1017*y**3 + 5*y**2 + 22*y + 87. Is z(-4) prime?
True
Let p(r) = 100*r**2 - 29*r + 129. Is p(34) composite?
False
Suppose -i - 5*w = -50, 55 = 5*i + w - 75. Let v = -21 + i. Suppose v*d = -c - d + 1031, 3093 = 3*c + 3*d. Is c composite?
False
Let b = -38052 + 54781. Is b a prime number?
True
Suppose -423*u + 68*u = -862853415. Is u a prime number?
False
Let q(w) be the second derivative of -w**3 - 5*w**2 + 25*w. Let r be q(-3). Is ((-5996)/r)/(4/(-8)) a prime number?
True
Let r(y) = -y**3 + 2*y**2 - 11*y - 7. Let i be r(-4). Let k be (-57)/i - (-48)/14. Suppose m - 4078 = -k*t, -m = 4*t + 3*m - 5424. Is t a prime number?
True
Suppose k = a - 714 - 997, -3*a - 4*k + 5161 = 0. Suppose 8*w - 5*w = 12, -3*w = j - a. Is j a prime number?
False
Let q = 192838 - 131087. Is q composite?
False
Is 2450/525 - (-450362)/6 composite?
True
Let f = -61 + 64. Suppose 2*b + 3 = q + f*b, -q - 4*b - 6 = 0. Suppose q*w - 714 = -0*w. Is w a prime number?
False
Let g = -2 + 286. Let d = 235 + g. Let t = -185 + d. Is t composite?
True
Let t(w) = w**2 + 11*w + 6. Let j be t(-16). Let b = 177 - j. Is b composite?
True
Suppose 176571 = -6*h + 518709. Is h a prime number?
False
Is 373896 + -6*(-182)/84 a composite number?
False
Suppose -3*i - 11 = -4*y, 3*y - 10 + 0 = 4*i. Let k be (i - 0/(-3))/((-1)/1491). Suppose -4*t = -t - 3*x - k, -2*x + 1002 = 2*t. Is t a composite number?
False
Let h = 6524 - 9452. Is ((-4)/(-6) - 0) + h/(-9) a composite number?
True
Let b = -138 - -111. Let o(i) = -i**2 - 34*i - 23. Is o(b) a composite number?
True
Is -3*(2 + (-25036733)/51) prime?
True
Let f(z) be the third derivative of 0 - 5*z**2 + 5/8*z**4 + 3/20*z**5 + 0*z - 5/6*z**3. Is f(-11) a composite number?
False
Suppose -14*s + 76 = -50. Suppose -130435 + 19078 = -s*x. Is x prime?
True
Let a = -35602 - -52419. Is a a composite number?
True
Suppose 22 = 12*w - w. Suppose w*o = 12*o - 6710. Is o prime?
False
Let k = 2419 - -119. Let j = -3128 + 1705. Let l = j + k. Is l a prime number?
False
Let y = 262272 - -708265. Is y prime?
True
Let c(z) = 31*z - 20. Let g be c(6). Suppose 3*j = -1420 + g. Let a = j + 711. Is a a composite number?
False
Let q = 184513 - 61482. Is q composite?
False
Let j be (265/2 - 4)*-66. Let f be j/15 + 2/30*6. Is (51/34)/(f/566 - -1) a prime number?
False
Let u(w) = 13*w**3 - w**2 - w + 2. Let b be u(1).